What is the highest common factor of 28 and i?
28
Let i = 75 + -38. Let r = i + -34. Calculate the greatest common divisor of r and 27.
3
Let r be (-7)/((-4)/4356*3). Calculate the greatest common factor of 21 and r.
21
Let u = -35 - -58. Let q = -74 - -71. Let v(k) = -2*k**3 + 3*k**2 - 4*k - 1. Let x be v(q). What is the highest common divisor of u and x?
23
Suppose 27*h = 166 + 77. What is the highest common factor of h and 207?
9
Suppose 4 = 8*u - 12*u, 0 = 5*b + u - 6659. Let q be b/135 + (-2)/(-15). Calculate the greatest common divisor of 20 and q.
10
Suppose 127 = 3*n - 5*u, -4*n + u + 0*u + 141 = 0. Suppose n*x = 36*x - 126. Let f be 2*(-1)/4*-14. Calculate the highest common factor of f and x.
7
Suppose s + 3*v - 37 = 0, 207*s + v + 153 = 212*s. What is the greatest common divisor of s and 11?
1
Suppose 0 = -5*a + 7*a - 6. Suppose a*d - 280 = -4*d. What is the greatest common factor of 5 and d?
5
Suppose 2*r - 4*a - 5 = 5, a - 1 = -3*r. Let u be (2/(-6)*r)/(1/(-33)). What is the greatest common factor of 77 and u?
11
Let x = -32 - -52. Let o be (-24)/7*(-70)/x. What is the greatest common divisor of o and 8?
4
Suppose -2*c + 2*p + 60 = 0, -4*p - 85 = -3*c - 0. Suppose 2*b - 69 = -55. Calculate the greatest common factor of c and b.
7
Suppose -6*i + i + 18 = 4*n, 0 = -5*n - 2*i + 14. Suppose -4*s + 482 = n*z, z = -5*s + 6*z + 580. What is the greatest common factor of 34 and s?
17
Let g = -18 + 19. Let o be ((-154)/(-35))/(g/(-5)). Let b = -16 - o. What is the greatest common factor of b and 4?
2
Let j(a) = -62*a - 117. Let b be j(-2). Calculate the highest common factor of b and 91.
7
Let t(m) = 5*m + 4. Let s be t(-3). Let p = -6 - s. Suppose 4*w = -5*f + 50, -p*f - 3*w + 60 = -w. What is the greatest common divisor of f and 98?
14
Let a = -775 - -833. Let r = -5 + 7. Suppose -r*h = -h - 29. What is the highest common factor of a and h?
29
Let k be (9 - -52) + 7/(-7). Calculate the greatest common divisor of 100 and k.
20
Let d(f) = f**2 - 8*f - 26. Let z be d(12). Suppose -z*y - 65 = -23*y. What is the highest common divisor of 26 and y?
13
Let p = 229 - 125. Suppose -5*d + 36 = -k, 4*k - k + 86 = 4*d. Let v be (k*3/6)/(-1). Calculate the greatest common factor of v and p.
13
Suppose -4*h + 6 = 2*j, 13 = 5*j - 4*h - 2. Suppose 3*p - 8*p = -j*a - 13, -5*a = 5*p - 45. Calculate the highest common factor of 20 and p.
5
Suppose 0 = -5*y - 0 + 20. Suppose -5*s + 3*s = -4*r - 272, s - 4*r - 126 = 0. Let x = s + -130. Calculate the highest common factor of y and x.
4
Suppose 115 = 5*g + t, g - 40*t + 35*t = -3. Let f = -83 + 209. Let c = f - 71. What is the greatest common factor of c and g?
11
Let f be (1 - 1) + -1 - -6. Suppose -8*s - 397 + 5 = 0. Let c be 9/(-21) - 2226/s. Calculate the greatest common factor of c and f.
5
Let b(z) = 4*z + 54. Let v be b(-13). Let a be 0 + ((-20)/10)/(v/(-129)). What is the highest common factor of a and 43?
43
Suppose -3*i + 4*i = 3. Let s(g) = 4*g**2 - 3*g - 3. Let r be s(i). Let a be (-500)/(-14) - (-4)/14. What is the highest common factor of a and r?
12
Let z be 119/13 + 44/(-286). Suppose 5*b + 0 + 80 = 0. Let j = -7 - b. What is the greatest common divisor of j and z?
9
Suppose -25 - 3 = -2*k. Let l be (162/(-63))/9 + 816/k. What is the highest common factor of l and 87?
29
Let h(g) = -g**2 - 11*g + 6. Let y be h(-8). Let w = y - -4. Let c = -11 - -96. What is the highest common factor of c and w?
17
Let z(f) = f**2 - 6*f + 1. Let p be z(7). Let d = 56 + p. What is the highest common factor of d and 16?
16
Let z(c) be the first derivative of -c**2 + 23*c - 10. Let w be z(7). What is the highest common factor of 18 and w?
9
Let v = 22 + -36. Let m(z) = 22*z**2 + 2*z - 3. Let d be m(1). Let i be (-8)/v - (-51)/d. Calculate the greatest common divisor of 2 and i.
1
Suppose -t + 2*r = -85, 2*r - 193 + 618 = 5*t. Calculate the highest common factor of t and 935.
85
Let m = 377 + -332. What is the highest common divisor of m and 60?
15
Let f(x) = 56*x**2 - 3*x + 2. Let v be f(-2). Suppose -v = -3*g + 263. What is the greatest common factor of g and 110?
55
Suppose 0 = 2*d + 89 - 3. Let x = -23 - d. Calculate the greatest common divisor of 8 and x.
4
Suppose -2*j = 35 - 143. Calculate the greatest common factor of j and 378.
54
Let y be 144/(-1*6/(-4)). What is the greatest common factor of 408 and y?
24
Let y be -51*(-48)/28 - (-8)/14. Calculate the greatest common divisor of y and 32.
8
Let f = 218 - 132. Suppose -3*d = 4*l - 132 + 32, -3*l - 5*d = -f. Calculate the greatest common factor of 2 and l.
2
Let z(y) = -44*y - 248. Let q be z(-8). Calculate the highest common divisor of q and 1768.
104
Let h be (-1)/3 - ((-5835)/9 - 17). What is the greatest common divisor of h and 38?
19
Let g(k) = -k**3 + 5*k**2 + 2*k. Let x be g(4). Let p be (-1886)/(-30) - 12/(-90). Let f = 123 - p. Calculate the greatest common factor of x and f.
12
Suppose 5*h - 5*z = 705, 4*h = -3*z + 406 + 158. What is the highest common factor of h and 94?
47
Let i = 84 + -56. Let u be ((-805)/92)/((-5)/12). What is the greatest common divisor of i and u?
7
Let d be 0 + 0 + -1 - -10. Let w be ((-6)/10 + 6)*5. Calculate the highest common divisor of d and w.
9
Let t = -300 + 960. What is the greatest common factor of 66 and t?
66
Let a = -15 + 89. Suppose 4*f + 38 + a = 4*w, -4*w = 3*f - 140. What is the greatest common divisor of 8 and w?
8
Let i(u) = u**2 + 11*u + 15. Let x be i(-10). Suppose -199 = -3*q - f + 2*f, 0 = 3*q + 2*f - 187. What is the greatest common divisor of x and q?
5
Let o = -63 - -64. Suppose -3*a + 4*a + 4*x = o, 5*a = 5*x + 55. Calculate the greatest common divisor of 9 and a.
9
Let i be 4/10 + 5268/30. Calculate the greatest common divisor of 44 and i.
44
Let y = 3226 + -2238. What is the highest common factor of y and 76?
76
Let f = -314 + 312. Let t be 2 - (-4)/(2 - 1). Let u be (2/(-2) - t)*f. What is the greatest common divisor of u and 56?
14
Suppose 0 = 2*s + 3*s - 15. Suppose s*q - 33 = -0*q. Let u be (-2926)/(-55) + (-36)/(-20). What is the greatest common factor of q and u?
11
Suppose 3*p - 79 = -4. Let c(o) = -o - 5*o**2 - 5 + 4*o**2 - 3*o**2 + 6*o**2. Let a be c(3). Calculate the greatest common divisor of p and a.
5
Suppose -3*l = 3*z - 378 - 351, -5*l + 2*z + 1215 = 0. What is the highest common divisor of l and 135?
27
Suppose 7*l = 6*l + 5. Let n be (76/20 + -2)*l. Suppose -3 = 2*k - n. Calculate the highest common factor of k and 6.
3
Let g = -410 - -530. Calculate the greatest common factor of g and 440.
40
Let y be 56/(-70) - 387/(-15). Calculate the highest common factor of 15 and y.
5
Let c be 2044/140 + 3/(-5). Calculate the greatest common divisor of c and 49.
7
Let s be 0 - (2 - -1) - -7. Suppose 0 = 4*j - 5*u - 21, s*j + 19 = -2*u + 61. Suppose -15 = -4*w - w. What is the highest common divisor of j and w?
3
Let r(n) = 2*n**2 + 10*n + 3. Let d be r(-5). Let h be 0 - 22*(d + -4). Calculate the greatest common factor of 88 and h.
22
Suppose -19 = -a - 994*h + 997*h, a - h = 17. Let x(d) = 2*d - 6. Let g be x(4). What is the highest common divisor of a and g?
2
Let a be (12/9)/(-4) + 3336/18. Suppose -3*y = 2*y - j - 830, -y + a = -4*j. Calculate the highest common divisor of y and 15.
15
Let s(y) = y**2 + 8*y + 22. Let j be s(-8). Suppose j*c + 38 = 24*c. Calculate the highest common divisor of 38 and c.
19
Let d be -1 + 673 + (-1 - 3). Suppose -d - 148 = -12*y. Let t = -26 - -43. What is the greatest common factor of y and t?
17
Suppose m + 405 = c, 2*c + 3*m + 74 - 899 = 0. Calculate the greatest common factor of 120 and c.
24
Suppose -5*l + 8*f - 10*f + 268 = 0, -2*l + 2*f = -96. Calculate the highest common factor of l and 1092.
52
Suppose 6*k - 4*k = -2*d + 12, -3*d + 18 = -2*k. Suppose 3*a + 108 = 5*a. What is the highest common divisor of d and a?
6
Let f = 43 + -4. Suppose -9*r + 416 = 7*r. Calculate the greatest common divisor of f and r.
13
Suppose -12 = 8*m - 9*m. Suppose -6*o - 6*o + m = 0. Calculate the greatest common divisor of o and 8.
1
Let i be 6/(5/(-7) + 1). Let j = i - 12. Let f(l) = -119*l + 1553. Let z be f(13). Calculate the highest common factor of j and z.
3
Let c be 4/(-5)*30/4. Let s(y) = y + 7. Let w be s(c). Let x = w - -8. What is the highest common di